{"id":2383,"date":"2020-10-05T14:09:15","date_gmt":"2020-10-05T12:09:15","guid":{"rendered":"http:\/\/www.crsprotivin.cz\/?page_id=2383"},"modified":"2021-10-01T08:26:16","modified_gmt":"2021-10-01T06:26:16","slug":"2020-2","status":"publish","type":"page","link":"https:\/\/www.crsprotivin.cz\/?page_id=2383","title":{"rendered":"2020"},"content":{"rendered":"<span itemprop=\"description\">\n<p><a href=\"https:\/\/www.crsprotivin.cz\/?page_id=2493\" data-type=\"page\" data-id=\"2493\"><strong>Vysazen\u00ed parma + pstruh duhov\u00fd 2.10.2020<\/strong><\/a><\/p>\n\n\n\n<figure class=\"wp-block-image size-medium\"><img loading=\"lazy\" decoding=\"async\" width=\"225\" height=\"300\" src=\"https:\/\/www.crsprotivin.cz\/wp-content\/uploads\/2020\/10\/IMG-20201002-WA0011-225x300.jpg\" alt=\"\" class=\"wp-image-2530\" srcset=\"https:\/\/www.crsprotivin.cz\/wp-content\/uploads\/2020\/10\/IMG-20201002-WA0011-225x300.jpg 225w, https:\/\/www.crsprotivin.cz\/wp-content\/uploads\/2020\/10\/IMG-20201002-WA0011-768x1024.jpg 768w, https:\/\/www.crsprotivin.cz\/wp-content\/uploads\/2020\/10\/IMG-20201002-WA0011-1152x1536.jpg 1152w, https:\/\/www.crsprotivin.cz\/wp-content\/uploads\/2020\/10\/IMG-20201002-WA0011.jpg 1200w\" sizes=\"auto, (max-width: 225px) 100vw, 225px\" \/><\/figure>\n\n\n\n<p><a href=\"https:\/\/www.crsprotivin.cz\/?page_id=2491\" data-type=\"page\" data-id=\"2491\"><strong>Z\u00e1vody My\u0161enec 19.9.2020<\/strong><\/a><\/p>\n\n\n\n<figure class=\"wp-block-image size-medium\"><img loading=\"lazy\" decoding=\"async\" width=\"225\" height=\"300\" src=\"https:\/\/www.crsprotivin.cz\/wp-content\/uploads\/2020\/10\/IMG-20201006-WA0006-225x300.jpg\" alt=\"\" class=\"wp-image-2531\" srcset=\"https:\/\/www.crsprotivin.cz\/wp-content\/uploads\/2020\/10\/IMG-20201006-WA0006-225x300.jpg 225w, https:\/\/www.crsprotivin.cz\/wp-content\/uploads\/2020\/10\/IMG-20201006-WA0006-768x1024.jpg 768w, https:\/\/www.crsprotivin.cz\/wp-content\/uploads\/2020\/10\/IMG-20201006-WA0006-1152x1536.jpg 1152w, https:\/\/www.crsprotivin.cz\/wp-content\/uploads\/2020\/10\/IMG-20201006-WA0006.jpg 1200w\" sizes=\"auto, (max-width: 225px) 100vw, 225px\" \/><\/figure>\n\n\n\n<p><a href=\"https:\/\/www.crsprotivin.cz\/?page_id=2609\" data-type=\"page\" data-id=\"2609\"><strong>V\u00fdlov Zlou\u0148 17.10.2020<\/strong><\/a><\/p>\n\n\n\n<figure class=\"wp-block-image size-medium\"><img loading=\"lazy\" decoding=\"async\" width=\"300\" height=\"225\" src=\"https:\/\/www.crsprotivin.cz\/wp-content\/uploads\/2020\/10\/IMG-20201016-WA0000-1-300x225.jpg\" alt=\"\" class=\"wp-image-2615\" srcset=\"https:\/\/www.crsprotivin.cz\/wp-content\/uploads\/2020\/10\/IMG-20201016-WA0000-1-300x225.jpg 300w, https:\/\/www.crsprotivin.cz\/wp-content\/uploads\/2020\/10\/IMG-20201016-WA0000-1-1024x768.jpg 1024w, https:\/\/www.crsprotivin.cz\/wp-content\/uploads\/2020\/10\/IMG-20201016-WA0000-1-768x576.jpg 768w, https:\/\/www.crsprotivin.cz\/wp-content\/uploads\/2020\/10\/IMG-20201016-WA0000-1-1536x1152.jpg 1536w, https:\/\/www.crsprotivin.cz\/wp-content\/uploads\/2020\/10\/IMG-20201016-WA0000-1-1200x900.jpg 1200w, https:\/\/www.crsprotivin.cz\/wp-content\/uploads\/2020\/10\/IMG-20201016-WA0000-1.jpg 1600w\" sizes=\"auto, (max-width: 300px) 100vw, 300px\" \/><\/figure>\n\n\n\n<p><a href=\"https:\/\/www.crsprotivin.cz\/?page_id=2657\" data-type=\"page\" data-id=\"2657\"><strong>V\u00fdlov Horn\u00ed + \u017dabovna 31.10.2020<\/strong><\/a><\/p>\n\n\n\n<figure class=\"wp-block-image size-medium\"><img loading=\"lazy\" decoding=\"async\" width=\"300\" height=\"146\" src=\"https:\/\/www.crsprotivin.cz\/wp-content\/uploads\/2020\/11\/IMG-20201031-WA0000-2-300x146.jpg\" alt=\"\" class=\"wp-image-2660\" srcset=\"https:\/\/www.crsprotivin.cz\/wp-content\/uploads\/2020\/11\/IMG-20201031-WA0000-2-300x146.jpg 300w, https:\/\/www.crsprotivin.cz\/wp-content\/uploads\/2020\/11\/IMG-20201031-WA0000-2-768x374.jpg 768w, https:\/\/www.crsprotivin.cz\/wp-content\/uploads\/2020\/11\/IMG-20201031-WA0000-2.jpg 960w\" sizes=\"auto, (max-width: 300px) 100vw, 300px\" \/><\/figure>\n<span>","protected":false},"excerpt":{"rendered":"<p class=\"excerpt\"><span itemprop=\"description\">Vysazen\u00ed parma + pstruh duhov\u00fd 2.10.2020 Z\u00e1vody My\u0161enec 19.9.2020 V\u00fdlov Zlou\u0148 17.10.2020 V\u00fdlov Horn\u00ed + \u017dabovna 31.10.2020<\/span><\/p>\n<p class=\"more-link-p btn-align-left\"><a class=\"blue zoom-btn\" href=\"https:\/\/www.crsprotivin.cz\/?page_id=2383\">Read More<\/a><\/p>\n","protected":false},"author":1,"featured_media":0,"parent":65,"menu_order":0,"comment_status":"closed","ping_status":"closed","template":"","meta":{"ngg_post_thumbnail":0,"footnotes":""},"class_list":["post-2383","page","type-page","status-publish","hentry","zoom-theme-has-thumb"],"_links":{"self":[{"href":"https:\/\/www.crsprotivin.cz\/index.php?rest_route=\/wp\/v2\/pages\/2383","targetHints":{"allow":["GET"]}}],"collection":[{"href":"https:\/\/www.crsprotivin.cz\/index.php?rest_route=\/wp\/v2\/pages"}],"about":[{"href":"https:\/\/www.crsprotivin.cz\/index.php?rest_route=\/wp\/v2\/types\/page"}],"author":[{"embeddable":true,"href":"https:\/\/www.crsprotivin.cz\/index.php?rest_route=\/wp\/v2\/users\/1"}],"replies":[{"embeddable":true,"href":"https:\/\/www.crsprotivin.cz\/index.php?rest_route=%2Fwp%2Fv2%2Fcomments&post=2383"}],"version-history":[{"count":10,"href":"https:\/\/www.crsprotivin.cz\/index.php?rest_route=\/wp\/v2\/pages\/2383\/revisions"}],"predecessor-version":[{"id":2779,"href":"https:\/\/www.crsprotivin.cz\/index.php?rest_route=\/wp\/v2\/pages\/2383\/revisions\/2779"}],"up":[{"embeddable":true,"href":"https:\/\/www.crsprotivin.cz\/index.php?rest_route=\/wp\/v2\/pages\/65"}],"wp:attachment":[{"href":"https:\/\/www.crsprotivin.cz\/index.php?rest_route=%2Fwp%2Fv2%2Fmedia&parent=2383"}],"curies":[{"name":"wp","href":"https:\/\/api.w.org\/{rel}","templated":true}]}}